1
Suppose 2*p - 4*p + 4 = 0. Let l = p + 2. Suppose -2*d = -h + 12, h = 3*d + 7 + l. What is the units digit of h?
4
Suppose v = 5*f + 37, -v - 4 = -3*v - 4*f. What is the units digit of v?
2
Let x = -261 + 439. What is the hundreds digit of x?
1
Suppose 0 = 3*f - 4*f. Suppose 5*b = -f*b + 40. What is the units digit of b?
8
Suppose 3*g + 0*g = 48. Let x = -10 - -7. Let o = x + g. What is the tens digit of o?
1
Let r = -59 + 278. What is the tens digit of r?
1
Let i = 17 + -13. Let u(q) = q**3 + 6*q**2 - q - 7. Let s be u(-6). What is the units digit of i*1/((-2)/s)?
2
Suppose 26*g = 18*g + 2400. What is the hundreds digit of g?
3
Suppose 4*h = h. Suppose 0 = -h*s - 5*s - 70. Let t = s - -27. What is the units digit of t?
3
Let v be 4/10 + 16/10. Suppose v*j = 4 - 0. Suppose 3*n - j = 10. What is the units digit of n?
4
Suppose -3*u - 4 = -13. Let d = 14 + -9. Suppose -u*y = -2*y - d. What is the units digit of y?
5
Let o(y) = 4*y**2 + 2*y + 1. Let x be (2 - 0) + 2 + 0. Let w be (1 + 1)*(-2)/x. What is the units digit of o(w)?
3
Suppose 0 = s + 3. Let o(f) = -3*f - 3. What is the units digit of o(s)?
6
Let r(i) = 9*i - 10. What is the tens digit of r(6)?
4
Suppose -1465 = -5*t - 2*n, 0 = -0*n + 5*n - 25. What is the units digit of t?
1
Suppose -4*c = -8*c + 60. Suppose 4*r - 37 - c = 0. What is the units digit of r?
3
Let a(t) = t**2 + 6*t. Let z be a(-7). Suppose -s + 6 = -z. What is the tens digit of s?
1
Let t(q) = q**3 + q**2 - 3*q - 1. Let w be t(-3). Let y(u) = -u**3 + 7*u**2 + 2*u + 1. Let g be y(7). Let j = g + w. What is the units digit of j?
5
Let b(o) = o**3 - 7*o**2. Let s be b(5). Let k be s/(1 - 1 - 1). What is the units digit of (k/(-5))/(-1 + 0)?
0
Suppose 3*h - 7 - 8 = 0. Suppose 0 = -0*b + b - 16. Suppose h*d - b = d. What is the units digit of d?
4
Let j(r) = -2*r + 4. What is the tens digit of j(-8)?
2
Let u = 9 - 5. Suppose 371 = 3*c + u*c. What is the tens digit of c?
5
Let w(y) = -58*y - 1. What is the units digit of w(-1)?
7
Let y(l) = 8*l + 9. Let q(a) = 3*a + 3. Let c(m) = -11*q(m) + 4*y(m). Let j be c(4). What is the units digit of (j/4)/(1/(-4))?
1
What is the units digit of (-37)/(-2)*(6 - 4)?
7
Let s(d) = -4*d**3 - d - 2. Let t be s(2). What is the tens digit of (-55)/(-2)*t/(-45)?
2
Suppose 2*g + 16 = 6*g. Suppose j - g*j + 15 = 0. What is the units digit of j?
5
Let f = 2 + -4. Let x be f - (1 - (2 + 1)). Suppose -3*j - j + 28 = x. What is the units digit of j?
7
Suppose 17 = 5*a - 28. Let s(h) = h - h**2 - a*h + 2*h**2 + 8. What is the units digit of s(8)?
8
What is the units digit of 6/5*75/6?
5
Let y(v) be the first derivative of -v**4/4 - 7*v**3/3 + 5*v**2/2 + 12*v - 7. What is the units digit of y(-8)?
6
What is the units digit of (0 + -7)/(4/(-8)*1)?
4
Let v(p) = -3*p**2 + 2*p + 3. Let x be v(-2). Let l = 9 - x. What is the units digit of l?
2
Suppose 4*m + 2*b = 28 + 102, 2*b = 2. What is the units digit of m?
2
Let z(k) = 3*k - 11. Let u(l) = -l + 1. Let q(x) = -2*u(x) - z(x). What is the tens digit of q(-4)?
1
Suppose 5*l = 137 - 47. What is the units digit of l?
8
Let u(a) = -a + 1. Let i be (-72)/(-15)*10/3. Suppose -x - h = 5, -73 = 5*x - 3*h - i. What is the units digit of u(x)?
0
Suppose -3*y = -3*j - 6, -1 = -y + 2*j + 1. Let b be -4*19/(-8)*y. Let m = -8 + b. What is the units digit of m?
1
Let y(m) be the third derivative of -m**5/60 + m**4/8 + 5*m**3/6 - 3*m**2. Let f = -6 - -10. What is the units digit of y(f)?
1
Suppose 2*l = -3*c - 0*c + 551, -2*l = 4. What is the hundreds digit of c?
1
What is the tens digit of (8 + 2)*54/10?
5
Let i(n) = -n**2 + 5*n - 1. Let s(u) = -2*u**2 + 10*u - 2. Let h(w) = 5*i(w) - 3*s(w). What is the units digit of h(6)?
7
Let m = -6 - -8. Suppose -15 = 2*i + z, m*z + 2 + 10 = -i. Let f(w) = -3*w - 8. What is the tens digit of f(i)?
1
Suppose -2*j - x + 5*x = -18, -5*x = 10. Let f = 7 - 4. Suppose f*b - 22 = -5*d, -j - 19 = -3*b - 3*d. What is the units digit of b?
9
Let x = 231 + -40. What is the hundreds digit of x?
1
Let s(c) = -c**3 + 5*c**2 - 4*c. Let w be s(4). Suppose w = -l - l, 3*y = 2*l + 15. What is the units digit of y?
5
Let j(y) = 2*y**3 + y**2 + 3*y - 3. Let w = -3 + 5. What is the tens digit of j(w)?
2
Let r = 283 + -86. What is the units digit of r?
7
Let o(v) = 10*v - 30. What is the tens digit of o(7)?
4
Let w(j) = -j**2 + 2. Let f be w(-2). Let k = 4 + f. Suppose -c - 3 = 2*z, k*c - 4*c - 8 = 5*z. What is the units digit of c?
1
Let y = -6 - -11. Suppose -3*r + 21 = 5*z, 0*z + 7 = y*r - z. What is the units digit of r/(-1) - (-1 - 5)?
4
Let y be -2 - -10 - 1*3. Suppose -4 = y*k + 3*n, 3 = 3*k + 4*n + 12. What is the units digit of k?
1
Let x = 230 + -159. What is the units digit of x?
1
Suppose -6 = 2*k - 3*k - 5*x, -3*k + x - 14 = 0. Let z(u) = u**3 + 6*u**2 + 2*u - 5. What is the tens digit of z(k)?
1
Let w = 126 + -89. Suppose 2*z = 4*n + 64, 3*n - 69 - w = -4*z. What is the units digit of z?
8
Suppose 65 = 6*n + 5. What is the tens digit of n?
1
Suppose 27 = 5*k - 3*v, -k + 2*v - 3 + 7 = 0. What is the units digit of k?
6
Suppose 0 = 5*t - t - n, 0 = 4*n. Suppose -5*w = 4*f - 32, t - 1 = f - w. What is the units digit of f?
3
Let q = 209 - -114. What is the hundreds digit of q?
3
Suppose -2*n - 15 = n. Let w(f) = 12*f**2 - 1. Let y be w(-1). Let l = y + n. What is the units digit of l?
6
Suppose 13 = 3*l - 2. Suppose 0 = l*d + f - 99, -88 = -4*d + f - 4*f. What is the units digit of d?
9
Suppose 560 = 10*z - 610. What is the hundreds digit of z?
1
Suppose -f = 2*s - 10, 4*f - f - 4*s - 30 = 0. Suppose 139 = 5*b + 4*o - 86, 2*o = f. What is the tens digit of b?
4
Let f(n) = -n**2 - 10*n + 15. Let d be f(-11). What is the units digit of ((-18)/15)/(d/(-10))?
3
Let m(f) = -f**2 - 7. Let z(p) = -p**2 + p - 6. Let a(k) = 4*m(k) - 5*z(k). What is the units digit of a(5)?
2
Let b(o) = o + 5. What is the tens digit of b(6)?
1
Let z(y) = y**2 + 8*y + 8. Let k be z(-8). Suppose 7 = 3*x - k. What is the units digit of x?
5
Let u be ((-4)/(-6))/(6/297). Suppose 5*o = 7 + u. What is the units digit of o?
8
Suppose f = 6 - 1. Suppose 0*k + 100 = 4*v - k, f*v = -2*k + 112. What is the tens digit of v?
2
Let q(m) = m. Let h be q(3). Let b be h - (-1 - 2)/(-3). Suppose -4*v - 3*w = -28, 3*v - v - b*w - 14 = 0. What is the units digit of v?
7
Let a(s) = s + 4. Let u be a(-10). Let v be (4/12)/(2/u). What is the units digit of v/((-1)/(-3)) + 5?
2
Let b(d) = 4*d**2 - 6*d + 20. What is the tens digit of b(6)?
2
Suppose 4*w - 268 = -4*z, 2*w - 26 + 93 = z. What is the tens digit of z?
6
Let i(h) = -5*h**2 + 1. Let v be i(1). Let d be (94/(-4))/(2/v). Suppose -3*r = -5*t - 17 - d, r - 24 = 3*t. What is the units digit of r?
8
Suppose 2*y - 2*j - 43 = -y, 4*j = 4*y - 64. Suppose -z + 3*d - d + 8 = 0, 0 = -2*z - 5*d - y. What is the units digit of 6/2 - -1 - z?
2
Suppose 0 = -3*y - 3*j + 36, 62 = 4*y - 3*j - 7. Let n = -4 + y. What is the tens digit of n?
1
Let d(w) be the second derivative of -w**4/12 - 5*w**3/3 - 9*w**2/2 - 4*w. What is the units digit of d(-6)?
5
Suppose 2*a + 4*r - 64 = 0, -a + 37 = 5*r + 2. What is the tens digit of a?
3
Suppose -c = -5*c + 112. What is the tens digit of c?
2
Suppose 159*o - 161*o = -258. What is the units digit of o?
9
Suppose 5*u + 15 = 6*u. Suppose 8*l + 45 = 3*l. Let j = l + u. What is the units digit of j?
6
Let z = -334 - -570. What is the tens digit of z?
3
Suppose -y - 3*w = w + 12, 2*y + 2*w = 0. Suppose q = y*q. Suppose q = 2*g - 4 - 2. What is the units digit of g?
3
Let k(l) = 2 + 6*l - 2*l - 3*l. Let w(z) = z**3 + 8*z**2 + 8*z + 7. Let b be w(-7). What is the units digit of k(b)?
2
Suppose 3*d - 93 = -3*q, -83 = -d - 2*d - q. What is the tens digit of d?
2
Let l = -153 + 226. What is the units digit of l?
3
Let o be (3/(-6))/(1/(-6)). Suppose 18 = o*q + 3. Suppose -h + 0*p - 3*p + 13 = 0, -q*p + 18 = -2*h. What is the units digit of h?
1
Let x(d) = d**2 + 12*d + 32. What is the tens digit of x(10)?
5
Let a be (-2)/(30/28 + -1). Let i = a + 50. What is the tens digit of i?
2
Let y(v) = v**3 + 18*v**2 + 2*v + 42. What is the units digit of y(-18)?
6
Let z(j) = 5*j**3 + j**2 - 2*j - 1. What is the tens digit of z(2)?
3
Let k be (-4)/20 - 42/(-10). Suppose 29 = k*r - q, 5*q = 2*r - 3 - 34. Suppose o = r*o - 70. Wh